ctor of 155362413?
True
Does 168 divide 2359832160?
True
Is 423 a factor of 7216775?
False
Is 997449767 a multiple of 7?
False
Is 90561610 a multiple of 5?
True
Is 163526457 a multiple of 149?
True
Is 113943622 a multiple of 13?
True
Is 475 a factor of 24070854?
False
Does 38 divide 229515192?
False
Is 627 a factor of 12077838?
False
Does 3726 divide 1778453334?
True
Does 944 divide 15936608?
True
Is 267 a factor of 138580299?
False
Is 92 a factor of 55482359?
False
Is 60 a factor of 59289420?
True
Does 72 divide 7621200?
True
Is 3251 a factor of 85313949?
False
Does 1206 divide 47962620?
True
Is 155513562 a multiple of 17?
False
Does 194 divide 11789499?
False
Is 41 a factor of 116600361?
False
Is 268 a factor of 94057996?
False
Is 597045910 a multiple of 4093?
True
Is 19052523 a multiple of 63?
True
Is 14 a factor of 230803365?
False
Does 2 divide 33757377?
False
Does 110 divide 721710?
True
Does 6 divide 1097665?
False
Does 515 divide 758768920?
False
Does 20 divide 1472117000?
True
Is 855 a factor of 656744310?
True
Is 172 a factor of 348119?
False
Does 15 divide 322115730?
True
Is 48 a factor of 110353152?
True
Is 124701648 a multiple of 19?
False
Does 2980 divide 871971840?
True
Is 64081826 a multiple of 39?
False
Is 472906473 a multiple of 19?
False
Is 9932522 a multiple of 34?
True
Is 363996360 a multiple of 410?
True
Does 128 divide 205855361?
False
Does 11 divide 100390588?
False
Is 28 a factor of 9210040?
True
Is 16 a factor of 9310006?
False
Is 2227 a factor of 155560180?
False
Does 29 divide 851631901?
False
Does 2459 divide 107217318?
True
Is 1259 a factor of 298299232?
False
Is 84 a factor of 6821304?
True
Is 5 a factor of 5510014?
False
Is 40 a factor of 17629000?
True
Is 393066848 a multiple of 340?
False
Is 13887683 a multiple of 7?
False
Is 351 a factor of 22818510?
True
Is 433 a factor of 9704426?
False
Is 5 a factor of 77934930?
True
Is 223167517 a multiple of 697?
False
Does 876 divide 44030388?
True
Does 34 divide 649712?
False
Is 16 a factor of 97679456?
True
Is 2474 a factor of 45202417?
False
Does 1790 divide 328601040?
True
Is 94 a factor of 73096014?
False
Does 9 divide 369378397?
False
Does 498 divide 71509812?
True
Does 556 divide 70892224?
True
Is 285 a factor of 831852863?
False
Is 14 a factor of 127255625?
False
Is 4 a factor of 868711?
False
Is 689573916 a multiple of 82?
True
Does 611 divide 207701593?
False
Does 22 divide 17211885?
False
Is 77606594 a multiple of 26?
True
Is 104 a factor of 218618930?
False
Is 51791646 a multiple of 212?
False
Is 19789798 a multiple of 12?
False
Is 17 a factor of 87691780?
True
Is 258 a factor of 14128080?
True
Does 11 divide 32903446?
False
Does 299 divide 66404062?
False
Is 37696260 a multiple of 53?
False
Does 106 divide 360938268?
True
Is 62328436 a multiple of 3439?
True
Is 101 a factor of 19641167?
True
Is 18 a factor of 93539430?
True
Does 91 divide 713794172?
True
Does 137 divide 17791779?
True
Does 20 divide 304923245?
False
Is 1150 a factor of 85924550?
True
Is 255113996 a multiple of 86?
False
Is 12 a factor of 6674916?
True
Does 18 divide 314640123?
False
Is 2298369771 a multiple of 23?
False
Is 7 a factor of 2300549?
False
Is 15380077 a multiple of 11?
False
Does 35 divide 2072381427?
False
Is 1750 a factor of 263453324?
False
Does 89 divide 11287829?
False
Is 89954433 a multiple of 87?
True
Is 7 a factor of 258795761?
True
Is 1588448348 a multiple of 21?
False
Is 2 a factor of 16173311?
False
Is 16246020 a multiple of 12?
True
Does 1757 divide 1002070946?
False
Is 13919332 a multiple of 14?
True
Does 31 divide 4695646?
False
Is 635 a factor of 28485579?
False
Is 36365143 a multiple of 51?
False
Does 10 divide 634409720?
True
Is 24 a factor of 4233736251?
False
Does 2389 divide 220285487?
False
Is 3 a factor of 1400530806?
True
Does 25 divide 106861350?
True
Is 3 a factor of 54564778?
False
Does 96 divide 348370815?
False
Is 176688033 a multiple of 86?
False
Is 312276553 a multiple of 39?
False
Is 36002310 a multiple of 13?
False
Does 22 divide 96239402?
False
Is 1360516 a multiple of 4?
True
Is 377 a factor of 16782196?
False
Is 306 a factor of 82356222?
False
Is 145073201 a multiple of 91?
True
Is 15 a factor of 17122830?
True
Does 7 divide 110454183?
True
Does 598 divide 11464198?
False
Is 8448361 a multiple of 1918?
False
Does 130 divide 308781590?
True
Does 202 divide 423859282?
False
Is 274 a factor of 84736535?
False
Is 1119689724 a multiple of 9?
False
Does 7 divide 327584688?
False
Is 102657870 a multiple of 470?
True
Does 13 divide 7117476?
False
Does 40 divide 84012010?
False
Does 15 divide 121318592?
False
Does 2764 divide 29312220?
True
Is 8 a factor of 59221872?
True
Is 387703050 a multiple of 15?
True
Is 206964532 a multiple of 37?
True
Is 876838144 a multiple of 416?
True
Is 254082206 a multiple of 8?
False
Is 9264780 a multiple of 135?
True
Is 88 a factor of 3826504?
True
Does 6 divide 193988060?
False
Does 22 divide 51221585?
False
Is 95543928 a multiple of 6?
True
Is 17 a factor of 48533844?
True
Does 394 divide 19874148?
True
Is 1216695 a multiple of 15?
True
Does 5 divide 93560679?
False
Does 119 divide 810944907?
False
Does 54 divide 387941769?
False
Is 132062427 a multiple of 27?
True
Is 925500 a multiple of 75?
True
Is 635620140 a multiple of 10?
True
Is 10885330 a multiple of 672?
False
Is 117386610 a multiple of 209?
False
Is 16 a factor of 30515472?
True
Is 160816861 a multiple of 43?
True
Is 153 a factor of 261395724?
False
Is 12131064 a multiple of 6?
True
Is 9 a factor of 2151340607?
False
Is 684 a factor of 784391987?
False
Does 115 divide 477130651?
False
Does 11 divide 673366320?
True
Is 449 a factor of 23800803?
False
Does 429 divide 54452970?
True
Is 1266982530 a multiple of 605?
True
Is 6157 a factor of 246655227?
False
Does 1224 divide 221253912?
True
Does 57 divide 231358766?
False
Is 156215120 a multiple of 10?
True
Is 5 a factor of 1033795486?
False
Does 10 divide 38184118?
False
Is 59 a factor of 28105653?
True
Is 8 a factor of 12154020?
False
Is 18 a factor of 861778266?
False
Is 11988296 a multiple of 8?
True
Is 245 a factor of 16392757?
False
Is 45 a factor of 416155500?
True
Is 1632592530 a multiple of 13?
False
Is 224 a factor of 159615456?
True
Does 2742 divide 314772161?
False
Is 95 a factor of 9892255?
True
Does 72 divide 125824790?
False
Is 227992674 a multiple of 39?
True
Does 46 divide 8039103?
False
Is 64 a factor of 28037376?
True
Is 279 a factor of 6487920?
False
Is 20893500 a multiple of 45?
True
Is 4128706 even?
True
Does 20 divide 77950520?
True
Does 16 divide 371787520?
True
Is 172 a factor of 512033336?
True
Does 18 divide 12019225?
False
Is 69723014 a multiple of 94?
False
Is 2798600888 a multiple of 2769?
False
Does 15 divide 5303300?
False
Does 19 divide 20162103?
False
Is 12 a factor of 994773059?
False
Does 943 divide 1375442?
False
Is 69398472 a multiple of 858?
True
Is 24 a factor of 68240614?
False
Is 504162314 a multiple of 10?
False
Is 75935391 a multiple of 479?
True
Is 222980390 a multiple of 37?
False
Is 3 a factor of 16190220?
True
Does 412 divide 44543792?
True
Is 15 a factor of 82974150?
True
Is 135 a factor of 237178935?
True
Is 21 a factor of 238518?
True
Is 538389007 a multiple of 13?
True
Does 30 divide 3752327?
False
Does 8 divide 1170717904?
True
Is 376 a factor of 74128024?
True
Is 406585913 a multiple of 40?
False
Is 146624730 a multiple of 31?
True
Does 11 divide 14174927?
False
Is 1567845279 a multiple of 33?
True
Does 1034 divide 318945572?
True
Is 1690642989 a multiple of 1275?
False
Is 8 a factor of 414795200?
True
Is 45936905 a multiple of 445?
True
Is 779960 a multiple of 5?
True
Is 72 a factor of 12652992?
True
Does 219 divide 235336743?
True
Is 42 a factor of 185215923?
False
Is 1459232049 a multiple of 98?
False
Is 25600314 a multiple of 4510?
False
Is 28 a factor of 47688676?
True
Is 352523949 a multiple of 7615?
False
Is 223628836 a multiple of 53?
True
Does 5118 divide 205840842?
True
Is 147086828 a multiple of 1244?
True
Is 13 a factor of 445814356?
True
Does 8 divide 1535634488?
True
Is 179 a factor of 91498722?
False
Does 2653 divide 1085257404?
True
Does 14 divide 309171968?
True
Does 318 divide 32617896?
True
Does 363 divide 44051865?
True
Is 14 a factor of